e -21*a + 23*a = l. Calculate the remainder when a is divided by y.
1
Let g(x) = -772*x - 648. Suppose 0 = 5*s + 26 - 236. What is the remainder when g(-1) is divided by s?
40
Let f(g) = 2*g + 5. Let b be f(-8). Let s = -13 - b. Calculate the remainder when (-19)/(-2) - (-3)/s is divided by 3.
2
Suppose 811 = 9*i - 7442. Calculate the remainder when i is divided by 54.
53
Suppose 5777 - 7465 = -8*c. What is the remainder when c is divided by 37?
26
Let r(j) = -184*j - 1412. Calculate the remainder when 112 is divided by r(-8).
52
Suppose -3*g = -4*z - 26, 4*g + 5 = -g - 3*z. Suppose 4*x + 5*j - 67 = x, 3*x = -g*j + 52. Let k = x + 1. What is the remainder when 86 is divided by k?
11
Let t = -201 + 200. Let m(f) = -262*f**3 + f**2 - 2. What is the remainder when m(t) is divided by 66?
63
Suppose 44*f = 2934 + 2258. What is the remainder when f is divided by 42?
34
Suppose 9*s = 14*s - 3*i - 1287, 0 = -3*s + 3*i + 765. Calculate the remainder when s is divided by 165.
96
Let u(l) = 34*l + 60. Let g be u(1). Let r = 0 + 4. Suppose r*m + 70 = 2*d - m, -2*d - m = -g. Calculate the remainder when d is divided by 12.
9
Let j(f) = 14*f - 33. Let s be j(6). Suppose -s*z + 49*z = -54. Calculate the remainder when 38 is divided by z.
11
Suppose -t - 5*v + 12 = 0, -9*t + 6*t - 4*v = -58. Suppose 1162*s - 1160*s - 166 = -4*q, -3*s + 45 = 0. Calculate the remainder when q is divided by t.
12
Let c(f) = -56*f + 188. Calculate the remainder when 147 is divided by c(2).
71
Let q(b) = 7*b + 6*b + 11 + 11*b - 8*b + 0*b + 3*b**2. What is the remainder when q(-7) is divided by 33?
13
Let x = 27270 - 27042. What is the remainder when x is divided by 12?
0
Let f(x) = -21*x**3 + 6*x**2 + 9*x + 3. What is the remainder when 270 is divided by f(-1)?
18
Suppose 1682*s = 1660*s + 11836. Calculate the remainder when s is divided by 12.
10
Let w be 1 - 1 - (2 - (0 + 4)). Suppose -w*q + s + 3*s - 42 = 0, 0 = 2*q + 5*s + 24. Let t = 36 - q. What is the remainder when t is divided by 11?
9
Let y = -173 - -178. Suppose -4*v + 4*w + 52 = 0, 5*v + y*w - 6*w = 53. Calculate the remainder when 35 is divided by v.
5
Suppose -78*w - 6 = -81*w. Suppose 3*z - 10 = v, -5*z - 7*v + w*v + 50 = 0. Calculate the remainder when 139 is divided by z.
4
Let i be (2 - 1) + (1 + 1)*1. Suppose 76 = i*r - 89. Suppose 3*v = -2*v + r. What is the remainder when 43 is divided by v?
10
Suppose 54*a + 49 = 61*a. Let j(r) = -r**3 + 7*r**2 + 8*r + 8. Let q be j(8). Suppose 0 = 26*d - 30*d + q. What is the remainder when a is divided by d?
1
Let p(f) = 2. Let r(o) = -5*o + 50. Let j(d) = -4*p(d) - 2*r(d). Calculate the remainder when j(15) is divided by 15.
12
Suppose 2*i = 4*c - 5 + 73, 2*i = 5*c + 73. Let r(o) = o**2 - 127*o - 2685. What is the remainder when r(-19) is divided by i?
17
Suppose 4*j + 4352 = 4*g, 3*g - 1115 - 2149 = -5*j. What is the remainder when g is divided by 93?
65
Let z be ((-220)/77)/10 - (-632)/7. Let o = -68 + z. Calculate the remainder when o is divided by 5.
2
Let r(a) = 150*a**2 + 20*a. Suppose 3*j + 3*f - 7 = 119, 4*f = -3*j + 124. Calculate the remainder when r(-1) is divided by j.
42
Suppose -4*i + 8800 = 10*r - 6*r, r + 3*i - 2194 = 0. Calculate the remainder when r is divided by 21.
19
Suppose 0 = -12*i + 3*i + 9. Let m(x) = -3*x + 13. What is the remainder when 58 is divided by m(i)?
8
Let q(i) = i**3 - 21*i**2 - 20*i - 42. Suppose 6 = -2*t + 50. What is the remainder when 7 is divided by q(t)?
1
Let o = 129 - 123. Suppose -o*y - 32 = -8*y. Calculate the remainder when 91 is divided by y.
11
Let b = 26 - 200. Let t = b + 236. What is the remainder when t is divided by 8?
6
What is the remainder when 1566*(18 - (-700)/(-40)) is divided by 94?
31
Suppose 8*m + 0*m - 1180 = -1116. Calculate the remainder when 12 is divided by m.
4
Let k(q) = q**3 - q**2 - 2*q + 5. Suppose -n + c + 252 + 784 = 0, 0 = -2*n - 4*c + 2096. Let y = -863 + n. Calculate the remainder when y is divided by k(4).
42
Let m(y) = y**2 - 9*y - 56. Suppose -8*x + 23 + 97 = 0. What is the remainder when 104 is divided by m(x)?
2
Let n be (-67 - (-1 - 3))/(10/90). Let z = -355 - n. Calculate the remainder when z is divided by 27.
23
Suppose 0 = 2*p - 11 - 1. Let g be (-28578)/22*(1 - 0)/1. Let z = 1322 + g. Calculate the remainder when z is divided by p.
5
Let s(u) = -u**3 + u**2 + u + 239. Let d = 189 + -169. What is the remainder when s(0) is divided by d?
19
Suppose 157*d + 132 = 154*d. What is the remainder when 88 is divided by 166/22 - (-24)/d?
4
Let n = 1267 + -1312. Calculate the remainder when 1 + 1 + -2 - -285 is divided by -8*6/60 + (-846)/n.
15
Suppose 31*p - 5005 = -10*p - 618. What is the remainder when 654 is divided by p?
12
Let k(f) = -3*f + 61. Suppose -p - 62 = -69. What is the remainder when k(13) is divided by p?
1
Suppose -4*r = s - 53, r = 2*s - 83 + 22. Suppose -71 = -8*z + s. What is the remainder when z is divided by 5?
3
Suppose -360 = -47*l + 32*l. Suppose 0*y - 2*y - 4*g = -l, -y + 8 = 4*g. What is the remainder when 109 is divided by y?
13
Let q(n) = n**3 + 19*n**2 + 46*n - 24. What is the remainder when 949 is divided by q(-16)?
5
What is the remainder when (-89)/((-14)/(-112)*-4) is divided by 48?
34
Let x be (-55)/8 - 4/32. Calculate the remainder when (-5)/x - 19/((-1330)/20) is divided by 1.
0
Suppose -260 = -4*u - 248. Let n(p) = 12*p**2 - p + 18. Calculate the remainder when n(u) is divided by (-93)/(-12)*2*2.
30
Let r(n) = -9 - 4*n**2 + 0*n**2 + 55*n + 50*n - 108*n. Let w be r(4). Let p = 183 + w. What is the remainder when p is divided by 25?
23
Let s(j) = j**3 - 39*j**2 - 12*j + 196. Calculate the remainder when s(41) is divided by 106.
98
Let n = -3874 + 3883. What is the remainder when 413 is divided by n?
8
Calculate the remainder when 3319 is divided by ((-1)/(-14)*74)/(105/735).
26
Suppose -22*a + 44 + 66 = 0. Suppose 4*r + 4*t = 44, 3*r - 46 = -a*t - 19. What is the remainder when 347 is divided by r?
11
Let g = -315 - -333. Let a(q) = q**3 + 7*q**2 - 4*q - 9. Calculate the remainder when a(-7) is divided by g.
1
Suppose -3*m - 21 = -105. Suppose -5*s + 4*g + m + 42 = 0, s = -g + 5. Suppose -2*l = 2*l - 12. What is the remainder when s is divided by l?
1
Suppose -289*p - 18908 = -345*p + 58988. What is the remainder when p is divided by 44?
27
Suppose -q = y + 6, -6*q = -3*y - 3*q. Let g be y/((0 + -1)/1)*2. Suppose -g*z + 36 = -54. What is the remainder when 40 is divided by z?
10
Let o(q) = -2*q**2 - 109*q - 1445. Suppose -5*c - 33 + 148 = 0. Calculate the remainder when c is divided by o(-23).
3
Suppose b = 3*c + 3, 10 = -5*b + c + 67. Calculate the remainder when 683 is divided by b.
11
Suppose -5*j + 13 + 17 = -4*a, -65 = -4*j - 5*a. Suppose 368 = 29*u - 12*u + 62. Calculate the remainder when 4320/50 - (-6)/j is divided by u.
15
Let f(p) = -1007*p - 5238. Calculate the remainder when f(-7) is divided by 54.
29
Suppose 14*t - 128 = 16*t. Let s = t - -82. What is the remainder when s is divided by 14?
4
Let d(v) = -2*v**2 + 9*v + 480. What is the remainder when d(0) is divided by 172?
136
Let x(a) = -2*a**2 + 54*a - 131. What is the remainder when 709 is divided by x(14)?
10
What is the remainder when 2847 is divided by 18 + -30 - (-345)/5?
54
Suppose -89*r + 90*r = 27. Let c(u) = u + 4. Let a be c(-4). Suppose a*j + 28 = 4*j. What is the remainder when r is divided by j?
6
Let y = 251 + -217. What is the remainder when 237 is divided by y?
33
Calculate the remainder when 7352/21 + 14/(-1176)*8 is divided by 44.
42
Let b(m) = 15*m - 61. Let f be b(4). What is the remainder when 45 is divided by 25 + f/(2/10)?
5
Let s be (0/1*11/44)/1. Suppose s = -7*w - 2*w + 3438. What is the remainder when w is divided by 32?
30
Let j = -3150 - -3323. Calculate the remainder when 1028 is divided by j.
163
Let i(a) = a**2 - 6*a + 4. Let v be i(6). Suppose 2*f + v = -0*f. What is the remainder when 120 is divided by (21 - -13) + -1 + f?
27
Let q = 7995 - 7748. Calculate the remainder when q is divided by 16.
7
Let d(y) = -6*y**3 - 6*y**2 - 9*y - 6. Calculate the remainder when 151 is divided by d(-2).
7
Let h(z) = 36*z + 1922. Calculate the remainder when 262 is divided by h(-53).
10
Suppose -562 = -38*o - 68. What is the remainder when 298 is divided by o?
12
Let d(t) 